g**2 - g - 5. What is the tens digit of r(4)?
2
Let m be -2*1 - -4 - 48. Let x be (-4)/6 + m/(-6). Suppose -x = -3*g + 2*g. What is the units digit of g?
7
Let t = 15 + 1. What is the tens digit of t?
1
Let c be 0 - 0/(1 + -3). Suppose c*t - 5*t + 65 = 3*d, 5*t = -4*d + 85. Suppose i + 1 = -4*k + 2*i, 0 = 4*i - d. What is the units digit of k?
1
Let l = -10 - -4. Let t(a) = -a**3 - 6*a**2 - 3*a - 8. What is the units digit of t(l)?
0
Let d be 16/(-56) + 16/7. Suppose -4*u + 16 = 4*y, -3*u + d*u - 6 = 3*y. Suppose -4*n = -u*n + 105. What is the tens digit of n?
2
Suppose 3*z + 2*l - 772 = 0, 219 = 2*z + 3*l - 299. Let s be (-6)/(-21) + z/(-14). Let t = s + 25. What is the units digit of t?
7
Suppose b = -w + 7, -3*w - 3 = b - 4*w. Suppose -g = -b*g + 17. What is the units digit of g?
7
Let p = 19 + -11. Suppose -4*f + 20 = p. Suppose 4 = v + 5*c, 0 = f*v - 2*c - 7 - 22. What is the units digit of v?
9
Let d(o) = -3*o + 16 - 16. What is the units digit of d(-6)?
8
Suppose -c = r + 1, 3*r + 0 - 2 = 2*c. Suppose 0*h + 4*h - 8 = 0. What is the units digit of (-21)/(-6)*(h - r)?
7
Let y(k) = 3*k**2 + 16*k + 3. Let l(p) = p**2 + 5*p + 1. Let j(n) = 7*l(n) - 2*y(n). What is the units digit of j(-6)?
9
Let x(r) = 3*r**3 + 5*r**2 + 7*r + 4. Let m be x(-2). Let b = -6 + 30. Let n = m + b. What is the units digit of n?
0
Let x = 0 - -1. Let m(o) = 0*o - x + o + o - 2. What is the units digit of m(4)?
5
Let x = -6 + 0. Let m(z) = -z + 4. Let d be m(x). Suppose -k = v + 2*v - 4, 5*v = -d. What is the tens digit of k?
1
Suppose -f + 2*f - 24 = -4*w, -3*w = -5*f + 5. Suppose 0 = -w*s + 10. What is the units digit of s?
2
Suppose -57*n + 64*n = 693. What is the tens digit of n?
9
Let l(x) = x + 6. Let d be l(-6). Let g = d - -7. What is the units digit of g?
7
Suppose -i - 3*w = 71 - 385, -5*w = 2*i - 629. What is the units digit of i?
7
Let m(j) be the first derivative of 1/3*j**3 + 3*j**2 - 4*j - 2. What is the units digit of m(-7)?
3
Let b be -4 - (2 + (-9)/3). Let v be 45/6*(-4)/b. Suppose -2 = -2*f + v. What is the units digit of f?
6
What is the tens digit of (12 - 10)*(4 + 1)?
1
Let w be (1/(-2))/(4/(-40)). Suppose 5 = w*n - 30. What is the units digit of n?
7
Let h = -60 + 30. Let z = -61 + 42. Let t = z - h. What is the tens digit of t?
1
Let r(h) be the third derivative of h**4/8 - 11*h**3/6 - h**2. What is the tens digit of r(9)?
1
What is the units digit of -2 + 95 + 1 + -3?
1
Let b = -39 - -90. What is the tens digit of b?
5
Let z = -25 + 49. Let v = 40 - z. What is the units digit of v?
6
Let u be (-7 - -2)*16/20. Let h = 0 - u. What is the units digit of h?
4
Let l(u) = -u**2 - u + 2. Let i be l(0). Suppose i*r = 4, -3*z + 3*r = -z - 2. What is the units digit of z?
4
Suppose 4 = -3*i + 49. What is the tens digit of i?
1
Let m(p) = -17*p**2 + p - 2. Let w be m(2). What is the tens digit of (w/(-6))/(2/3)?
1
Let l(n) = 11*n**2 + 2*n - 1. Let c be l(1). Suppose -c - 7 = -m - 3*f, 21 = 4*m + f. What is the units digit of 0 - 5/((-10)/m)?
2
Suppose -6*q + 4*q = -56. Suppose -o + q = -2. What is the tens digit of o?
3
Let d = 81 + -2. What is the units digit of d?
9
Suppose 0 = b - 3 + 1. Suppose -12 = -3*d + b*d. What is the units digit of d?
2
Let x(r) = 6*r - 1. Let i be x(1). Suppose -3*u + i + 1 = 0. What is the units digit of u?
2
Suppose 0*q = -7*q + 168. What is the tens digit of q?
2
Suppose 8*r = 3*r + 85. Let u(l) = 9*l - 3. Let z(k) = -3*k + 1. Let m(h) = r*z(h) + 6*u(h). What is the units digit of m(1)?
2
What is the units digit of (16/(-4) - (-49)/3)*3?
7
Let u(r) = -r**2 + 8*r - 8. Let x be u(6). Let g be (x - 2)/(2/6). Suppose 0 = -5*v + g + 19. What is the units digit of v?
5
Suppose -2*t - 22 = -3*t. What is the units digit of t?
2
Suppose 0 = 2*b, 2*y - 2*b - 114 = -y. What is the tens digit of y?
3
Let i(t) = t - 5. Let y be i(7). Suppose 2*f + n = -4*n + 35, 0 = y*f - 2*n. Suppose -2*k - 10 = -h - 2, 5*h = f*k + 40. What is the units digit of h?
8
Let v be (-1)/(-1*(-1)/(-2)). Let g(p) = -p**2 - p - 1. Let l be g(-2). What is the units digit of 6/v - (-2 - l)?
2
Suppose -5*j + j = -24. Let l(o) = o**2 - 5*o. What is the units digit of l(j)?
6
Let q(n) = n**2 - 13*n + 7. Let u be -9*6/(-45)*5. Let x(w) = 1. Let y(g) = u*x(g) + q(g). What is the units digit of y(12)?
1
Let k be (23/(-3))/((-2)/36). Suppose 2*n = 3*l - 88 + 18, 2*n = -5*l + k. Suppose -l - 9 = -5*w. What is the units digit of w?
7
Let q(r) = r**3 + 2*r**2 - r + 226. What is the tens digit of q(0)?
2
Let x be ((-2)/(-4))/(5/70). What is the tens digit of (x/(-4))/(2/(-16))?
1
Let t(q) be the first derivative of q**4/4 - 8*q**3/3 + 5*q**2 - 10*q - 1. What is the units digit of t(7)?
1
Suppose 3*c - 5*c + 4 = 0. Suppose -g = c*f - 9, -4*f = 5*g - 17 - 16. Let b = g + -1. What is the units digit of b?
4
Suppose 0 = 3*w - 7 + 1. Suppose -w*f + 5*i + 31 = -0*f, -2*i + 11 = f. What is the tens digit of f?
1
Let u(i) = i + 17. Let s be 1/(-2)*(0 - -14). What is the tens digit of u(s)?
1
Let y = -9 + 13. Suppose 2*v - 3*u = 6*v - 24, y*u - 31 = -5*v. What is the units digit of v?
3
Let d(q) = 2*q - 5. Let n be d(4). Suppose -4*p + 13 = n*v - 15, v + p = 8. What is the units digit of v?
4
Let o(t) = -6*t**3 + t**2 + 6*t + 2. Let w(c) = -c**3 + c + 1. Let x(a) = -o(a) + 5*w(a). Let p be (0/1)/(-9 - -7). What is the units digit of x(p)?
3
Let m be -3 - (-9 + 1 + 1). Suppose 0*g - m*g = -76. What is the tens digit of g?
1
Suppose 0 = -4*a + 2*s, 5*a - s + 6*s = 0. Let b be a + (1 - -1) - 3. What is the units digit of 15/5 + b + -1?
1
Suppose r = -0*r + 3*w + 151, 4*r + w = 578. What is the units digit of r?
5
Suppose 4*f = 2*f - 8. Let q(a) = -4*a + 2. Let x be q(-2). Let u = x + f. What is the units digit of u?
6
Let b = 4 + -1. Suppose 2*g + 69 = b*i, 4*i + 3*g = 6*g + 92. What is the tens digit of i?
2
Let n = -3 - -10. Let c be 2/n - (-172)/(-14). Let l = c - -20. What is the units digit of l?
8
What is the tens digit of (-4)/6 + 1464/36?
4
Let f(w) = w. Let h be f(1). Suppose 3 = 2*c - h. Suppose 3*y - 23 = c*j, -j + 9 = -y + 3*j. What is the tens digit of y?
1
Let y = 4 + -13. What is the units digit of 3/(y/(-8))*3?
8
Let w(d) = -d + 4. Let u be w(-4). Let l be 10*(-2)/u*2. What is the units digit of (-4)/(-2) - 25/l?
7
Let g(x) = -x**2 + 8*x - 8. Suppose -5*z - 45 = -5*q, 0 = 4*z - q - 9 + 60. Let b be ((-12)/(-14))/((-2)/z). What is the units digit of g(b)?
4
Suppose -2*x = -5*h + 199, h - 4*x - 28 - 19 = 0. What is the tens digit of h?
3
Let h be (-1)/((-3)/(-18)*2). Let i(z) = -z + 3. Let u be i(h). Suppose -4*w + w = -u. What is the units digit of w?
2
Suppose 0 = t - m - 1, t + m + 3 = 6*m. What is the units digit of t?
2
Let a be (-8)/48 - (-122)/12. Let w be (7 - a) + 11*1. Let n(z) = -z + 10. What is the units digit of n(w)?
2
What is the units digit of 1/(-2) + 298*(-2)/(-8)?
4
Let s(t) = 1. Let n(b) = -2*b**2 + 5*b + 3. Let h(p) = -n(p) + 4*s(p). What is the tens digit of h(4)?
1
Let r be -8 + 8 - -3*1. Suppose -5*q + 0*j - 3*j + 60 = 0, -22 = -r*q + j. What is the units digit of q?
9
Let d = -1 - -4. Suppose -v = 2*v + d*m - 33, 4*v - 3*m = 44. What is the tens digit of v?
1
Let u be (-1)/3 - (-8)/6. What is the units digit of 2 - (2 - u) - 0?
1
Let m = -22 - -36. Let i = m - 13. What is the units digit of i?
1
Let i(z) = 8*z - 3. What is the tens digit of i(3)?
2
Let j = 11 + -8. Suppose -2*p + j + 5 = 0, 0 = -4*r + 3*p. Suppose r*d - 4 = -d. What is the units digit of d?
1
Suppose -26 = -4*r - 2*n + 118, 5*r + 5*n = 170. What is the units digit of r?
8
Let f = 34 - -26. Suppose 3*l = 7*l - f. What is the tens digit of l?
1
Let a = 31 + 28. What is the units digit of a?
9
Suppose 0*f + f + 3*v - 36 = 0, -5*f = -5*v - 80. Suppose 1 - f = -4*w. Let g = 8 - w. What is the units digit of g?
3
Let y(m) = 6*m - 20. What is the units digit of y(5)?
0
Let v = 35 - -78. What is the hundreds digit of v?
1
What is the tens digit of 71*((-21)/9 - -2)*-6?
4
Suppose -v + p = -5, -3*v - 6*p - 25 = -p. Suppose 3*f + 5*i - 52 = 0, -5*f + i + i + 35 = v. What is the units digit of (f/(-6))/(2/(-4))?
3
Let q(h) = 2*h**2 - 3*h - 9. What is the units digit of q(4)?
1
Let k(l) = -l + 16. Let i(p) = p - 17. Let f(s) = -6*i(s) - 7*k(s). Let b be f(0). What is the units digit of